{"id":346,"date":"2024-10-02T17:56:41","date_gmt":"2024-10-02T15:56:41","guid":{"rendered":"http:\/\/lecorpsturquoise.lea-chaussavoine.com\/?page_id=346"},"modified":"2024-10-21T19:10:47","modified_gmt":"2024-10-21T17:10:47","slug":"qui-suis-je","status":"publish","type":"page","link":"https:\/\/lecorpsturquoise.lea-chaussavoine.com\/index.php\/qui-suis-je\/","title":{"rendered":"L&rsquo;accompagnement psycho-corporel \u00ab\u00a0Le Corps Turquoise\u00a0\u00bb"},"content":{"rendered":"<div id=\"pl-gb346-69f2e5ba675bb\"  class=\"panel-layout\" ><div id=\"pg-gb346-69f2e5ba675bb-0\"  class=\"panel-grid panel-no-style\" ><div id=\"pgc-gb346-69f2e5ba675bb-0-0\"  class=\"panel-grid-cell\" ><div id=\"panel-gb346-69f2e5ba675bb-0-0-0\" class=\"so-panel widget widget_headline-widget panel-first-child panel-last-child\" data-index=\"0\" >\t\t<h1>L&rsquo;accompagnement psycho-corporel \u00ab\u00a0Le Corps Turquoise\u00a0\u00bb<\/h1>\n\t\t<div class=\"decoration\"><div class=\"decoration-inside\"><\/div><\/div>\n\t\t<h3><\/h3>\n\t\t<\/div><\/div><\/div><div id=\"pg-gb346-69f2e5ba675bb-1\"  class=\"panel-grid panel-no-style\" ><div id=\"pgc-gb346-69f2e5ba675bb-1-0\"  class=\"panel-grid-cell\" ><div id=\"panel-gb346-69f2e5ba675bb-1-0-0\" class=\"so-panel widget widget_sow-button panel-first-child panel-last-child\" data-index=\"1\" ><div\n\t\t\t\n\t\t\tclass=\"so-widget-sow-button so-widget-sow-button-flat-114b9801ef4c-346\"\n\t\t\t\n\t\t><div class=\"ow-button-base ow-button-align-justify\">\n\t\t\t<a\n\t\t\t\t\thref=\"#en-pratique\"\n\t\t\t\t\tclass=\"sowb-button ow-icon-placement-left\" \t>\n\t\t<span>\n\t\t\t<span class=\"sow-icon-fontawesome sow-far\" data-sow-icon=\"&#xf024;\"\n\t\tstyle=\"color: #000000\" \n\t\taria-hidden=\"true\"><\/span>\n\t\t\tEn pratique\t\t<\/span>\n\t\t\t<\/a>\n\t<\/div>\n<\/div><\/div><\/div><div id=\"pgc-gb346-69f2e5ba675bb-1-1\"  class=\"panel-grid-cell\" ><div id=\"panel-gb346-69f2e5ba675bb-1-1-0\" class=\"so-panel widget widget_sow-button panel-first-child panel-last-child\" data-index=\"2\" ><div\n\t\t\t\n\t\t\tclass=\"so-widget-sow-button so-widget-sow-button-flat-114b9801ef4c-346\"\n\t\t\t\n\t\t><div class=\"ow-button-base ow-button-align-justify\">\n\t\t\t<a\n\t\t\t\t\thref=\"#intervenante-art-process\"\n\t\t\t\t\tclass=\"sowb-button ow-icon-placement-left\" \t>\n\t\t<span>\n\t\t\t<span class=\"sow-icon-fontawesome sow-far\" data-sow-icon=\"&#xf2bb;\"\n\t\tstyle=\"color: #000000\" \n\t\taria-hidden=\"true\"><\/span>\n\t\t\tD\u00e9couvrir l&rsquo;intervenante\t\t<\/span>\n\t\t\t<\/a>\n\t<\/div>\n<\/div><\/div><\/div><\/div><div id=\"pg-gb346-69f2e5ba675bb-2\"  class=\"panel-grid panel-no-style\" ><div id=\"pgc-gb346-69f2e5ba675bb-2-0\"  class=\"panel-grid-cell\" ><div id=\"panel-gb346-69f2e5ba675bb-2-0-0\" class=\"so-panel widget widget_headline-widget panel-first-child panel-last-child\" data-index=\"3\" >\t\t<h1><\/h1>\n\t\t<div class=\"decoration\"><div class=\"decoration-inside\"><\/div><\/div>\n\t\t<h3>Nous animons des ateliers artistiques (mouvement \/ th\u00e9\u00e2tre \/ voix) pour aider les personnes en difficult\u00e9 motrice, psychologique et psychique, les hypersensibles, stress\u00e9s, en \u00ab\u00a0\u00e9chec\u00a0\u00bb scolaire \u00e0 retrouver de la s\u00e9r\u00e9nit\u00e9, \u00e0 regagner confiance en eux et en leurs corps, \u00e0 g\u00e9rer leurs stress et leurs \u00e9motions lors des situations difficiles.<\/h3>\n\t\t<\/div><\/div><\/div><div id=\"pg-gb346-69f2e5ba675bb-3\"  class=\"panel-grid panel-has-style\" ><div id=\"en-pratique\" class=\"panel-row-style panel-row-style-for-gb346-69f2e5ba675bb-3\" ><div id=\"pgc-gb346-69f2e5ba675bb-3-0\"  class=\"panel-grid-cell\" ><div id=\"panel-gb346-69f2e5ba675bb-3-0-0\" class=\"so-panel widget widget_headline-widget panel-first-child panel-last-child\" data-index=\"4\" >\t\t<h1><p style=\"font-size:22px;color: #CEA251;margin: 30px 0 0 0\">En pratique : comment se d\u00e9roulent les ateliers ?<\/p><\/h1>\n\t\t<div class=\"decoration\"><div class=\"decoration-inside\"><\/div><\/div>\n\t\t<h3><\/h3>\n\t\t<\/div><\/div><\/div><\/div><div id=\"pg-gb346-69f2e5ba675bb-4\"  class=\"panel-grid panel-has-style\" ><div class=\"siteorigin-panels-stretch panel-row-style panel-row-style-for-gb346-69f2e5ba675bb-4\" data-stretch-type=\"full\" ><div id=\"pgc-gb346-69f2e5ba675bb-4-0\"  class=\"panel-grid-cell panel-grid-cell-empty\" ><div class=\"panel-cell-style panel-cell-style-for-gb346-69f2e5ba675bb-4-0\" ><\/div><\/div><div id=\"pgc-gb346-69f2e5ba675bb-4-1\"  class=\"panel-grid-cell\" ><div class=\"panel-cell-style panel-cell-style-for-gb346-69f2e5ba675bb-4-1\" ><div id=\"panel-gb346-69f2e5ba675bb-4-1-0\" class=\"so-panel widget widget_text panel-first-child panel-last-child\" data-index=\"5\" ><div class=\"panel-widget-style panel-widget-style-for-gb346-69f2e5ba675bb-4-1-0\" >\t\t\t<div class=\"textwidget\"><p style=\"font-size: 16px;\">\u273e\u00a0<strong> Nous intervenons dans des structures vari\u00e9es<\/strong> (\u00e9coles, centres de loisirs, Maison pour tous, MAS, FAM, ITEP, IME, IEM, CMP, etc\u2026)<\/p>\n<p style=\"font-size: 16px;\">\u273e\u00a0 <strong>Nous adaptons nos ateliers sp\u00e9cifiquement <\/strong>aux participants en fonction de l\u2019\u00e2ge, la mobilit\u00e9, la sociabilit\u00e9, la sensibilit\u00e9.<\/p>\n<p style=\"font-size: 16px;\">\u273e\u00a0 <strong>Nous sommes ouverts \u00e0 toute demande et vous faisons des suggestions gr\u00e2ce \u00e0 nos retours d\u2019exp\u00e9riences multiples<\/strong> (Combien de participants ? Quel temps accorder ? Quel espace d\u00e9di\u00e9 \u00e0 pr\u00e9voir ?)<\/p>\n<p style=\"font-size: 16px;\">\u273e\u00a0 <strong>Nous apportons tout le mat\u00e9riel et nous d\u00e9pla\u00e7ons sur place.<\/strong><\/p>\n<\/div>\n\t\t<\/div><\/div><\/div><\/div><\/div><\/div><div id=\"pg-gb346-69f2e5ba675bb-5\"  class=\"panel-grid panel-has-style\" ><div id=\"intervenante-art-process\" class=\"panel-row-style panel-row-style-for-gb346-69f2e5ba675bb-5\" ><div id=\"pgc-gb346-69f2e5ba675bb-5-0\"  class=\"panel-grid-cell\" ><div id=\"panel-gb346-69f2e5ba675bb-5-0-0\" class=\"so-panel widget widget_headline-widget panel-first-child panel-last-child\" data-index=\"6\" >\t\t<h1><p style=\"font-size:22px;color: #CEA251;margin: 30px 0 0 0\">Qui suis-je ? Explorez le parcours de notre intervenante<\/p><\/h1>\n\t\t<div class=\"decoration\"><div class=\"decoration-inside\"><\/div><\/div>\n\t\t<h3><\/h3>\n\t\t<\/div><\/div><\/div><\/div><div id=\"pg-gb346-69f2e5ba675bb-6\"  class=\"panel-grid panel-has-style\" ><div class=\"siteorigin-panels-stretch panel-row-style panel-row-style-for-gb346-69f2e5ba675bb-6\" data-stretch-type=\"full\" ><div id=\"pgc-gb346-69f2e5ba675bb-6-0\"  class=\"panel-grid-cell panel-grid-cell-mobile-last\" ><div id=\"panel-gb346-69f2e5ba675bb-6-0-0\" class=\"so-panel widget widget_text panel-first-child panel-last-child\" data-index=\"7\" >\t\t\t<div class=\"textwidget\"><h2>Je suis L\u00e9a Chaussavoine, com\u00e9dienne, interpr\u00e8te Voix-off, danseuse improvisatrice, intervenante et accompagnante par l&rsquo;expression cr\u00e9ative.<\/h2>\n<p style=\"font-size: 16px; line-height: 2;\">Petite fille rapidement amoureuse de la sc\u00e8ne, danseuse d\u00e8s mes premiers pas, le th\u00e9\u00e2tre et le monde de la voix s\u2019est pr\u00e9sent\u00e9 \u00e0 moi vers l\u2019\u00e2ge de sept ans.<br \/>\nUne amoureuse de la nature, en constance \u00e9volution d\u2019hypersensible \u00e0 mon chemin organique.<br \/>\nUne travers\u00e9e cocasse faites de d\u00e9s\u00e9quilibres et de merveilleuses d\u00e9couvertes authentiques, en connexion \u00e0 mon langage du corps et de l\u2019\u00e2me, C\u2019est la voix qui a parfum\u00e9e mon adolescence.<br \/>\nEntre amour et d\u00e9sespoir telle une danseuse toujours sauvage, j\u2019ai continu\u00e9 \u00e0 apprendre, rebelle de l\u2019\u00e9cole, j\u2019ai \u00e9cout\u00e9 ma vivace passion : je me suis form\u00e9e au th\u00e9\u00e2tre.<br \/>\nJeune adulte, j\u2019ai \u0153uvr\u00e9 \u00e0 diffuser ma lumi\u00e8re sur des terrains dramatiques, puis l\u2019humour est venu \u00e0 moi.<br \/>\nL\u2019envie de prendre soin de mon corps est arriv\u00e9e, l\u2019envie de me mouvoir davantage en connexion \u00e0 mon \u00e2me et \u00e0 TOUTE ma cr\u00e9ativit\u00e9. C\u2019est alors que le Life Art Process m\u2019a tendu les bras, et je me suis form\u00e9e.<\/p>\n<p style=\"font-size: 16px; line-height: 2;\">Aujourd\u2019hui, j\u2019\u0153uvre pour que le monde soit dans son corps et avec son corps en amour.<br \/>\nQue le monde \u00e9coute ses chants et voix sacr\u00e9es et int\u00e9rieures et qu\u2019il enregistre ses propres fr\u00e9quences, afin que chacun puisse \u00eatre dans toute sa puissance et ainsi diffuser sa lumi\u00e8re au reste du monde.<\/p>\n<p style=\"font-size: 16px; line-height: 2;\">Je transmets pour que chacun se relie \u00e0 l\u2019artiste qui est pr\u00e9sent en lui et qu&rsquo;il diffuse sa lumi\u00e8re personnelle\u2026.<br \/>\nJe parle, je chante, je danse, je vis, je transmets pour que l\u2019\u00e9nergie du vivant circule en moi et en chacun.<\/p>\n<\/div>\n\t\t<\/div><\/div><div id=\"pgc-gb346-69f2e5ba675bb-6-1\"  class=\"panel-grid-cell panel-grid-cell-empty\" ><div class=\"so-parallax panel-cell-style panel-cell-style-for-gb346-69f2e5ba675bb-6-1\" ><img fetchpriority=\"high\" decoding=\"async\" width=\"344\" height=\"667\" src=\"https:\/\/lecorpsturquoise.lea-chaussavoine.com\/wp-content\/uploads\/2024\/10\/lea_chaussavoine_intervenante_atelier_theatre_expressioncorporelle.jpg\" class=\"attachment-full size-full\" alt=\"\" data-siteorigin-parallax=\"true\" loading=\"eager\" srcset=\"https:\/\/lecorpsturquoise.lea-chaussavoine.com\/wp-content\/uploads\/2024\/10\/lea_chaussavoine_intervenante_atelier_theatre_expressioncorporelle.jpg 344w, https:\/\/lecorpsturquoise.lea-chaussavoine.com\/wp-content\/uploads\/2024\/10\/lea_chaussavoine_intervenante_atelier_theatre_expressioncorporelle-155x300.jpg 155w\" sizes=\"(max-width: 344px) 100vw, 344px\" \/><\/div><\/div><\/div><\/div><\/div>","protected":false},"excerpt":{"rendered":"","protected":false},"author":2,"featured_media":0,"parent":0,"menu_order":0,"comment_status":"closed","ping_status":"closed","template":"templates\/template-full.php","meta":{"inline_featured_image":false,"footnotes":""},"class_list":["post-346","page","type-page","status-publish","hentry","post"],"aioseo_notices":[],"_links":{"self":[{"href":"https:\/\/lecorpsturquoise.lea-chaussavoine.com\/index.php\/wp-json\/wp\/v2\/pages\/346","targetHints":{"allow":["GET"]}}],"collection":[{"href":"https:\/\/lecorpsturquoise.lea-chaussavoine.com\/index.php\/wp-json\/wp\/v2\/pages"}],"about":[{"href":"https:\/\/lecorpsturquoise.lea-chaussavoine.com\/index.php\/wp-json\/wp\/v2\/types\/page"}],"author":[{"embeddable":true,"href":"https:\/\/lecorpsturquoise.lea-chaussavoine.com\/index.php\/wp-json\/wp\/v2\/users\/2"}],"replies":[{"embeddable":true,"href":"https:\/\/lecorpsturquoise.lea-chaussavoine.com\/index.php\/wp-json\/wp\/v2\/comments?post=346"}],"version-history":[{"count":104,"href":"https:\/\/lecorpsturquoise.lea-chaussavoine.com\/index.php\/wp-json\/wp\/v2\/pages\/346\/revisions"}],"predecessor-version":[{"id":745,"href":"https:\/\/lecorpsturquoise.lea-chaussavoine.com\/index.php\/wp-json\/wp\/v2\/pages\/346\/revisions\/745"}],"wp:attachment":[{"href":"https:\/\/lecorpsturquoise.lea-chaussavoine.com\/index.php\/wp-json\/wp\/v2\/media?parent=346"}],"curies":[{"name":"wp","href":"https:\/\/api.w.org\/{rel}","templated":true}]}}